2 + 2/3*o**3 + 0*o + 2. Determine l(-4).
-12
Let f(c) = 4*c - c + 2 - 5*c. Suppose 5*h = 13 - 3. Suppose -h*s + 3 = 9. What is f(s)?
8
Let k(d) = -4 - 3*d**2 + 0*d**2 - 122*d + 127*d. What is k(3)?
-16
Let r be 4 + (0 + -1)*0. Let p = -8 + 11. Suppose 0 = 2*w - 5*u + 17, -r*w + 8 = p*u + u. Let y(h) = -4*h**3 + 2*h**2 + h. Give y(w).
5
Let g = -367 + 363. Let j(o) = 3*o + 8. Calculate j(g).
-4
Let t(n) = n**3 + 5*n**2 - 8*n - 20. Let y be t(-6). Let h(k) = k**2 + 5*k - 23. Let a be h(y). Let l(w) = 6*w. Calculate l(a).
6
Let a(j) = -3*j**3 + j**2 - j + 1. Let l = 16 - 24. Let q be (-24)/32 + (-190)/l. Suppose -5*k + q = 3*d, 0*k = -4*k + 16. What is a(d)?
-2
Let b(u) = -3*u + 7. Suppose 50*f - 51*f + 19 = 0. Suppose 0 = 4*o + 16, -3*q - o + 2*o + f = 0. Calculate b(q).
-8
Let u(r) = -3*r + 1. Let s(t) = -14*t + 3. Let m(q) = -s(q) + 4*u(q). Give m(-4).
-7
Let u(g) = -64*g + 130. Let b be u(2). Let l(y) = -9*y**2 + y - 1. Determine l(b).
-35
Let y(i) = 6*i. Let l be ((-10)/4)/(640/256). Determine y(l).
-6
Let r(u) be the third derivative of u**4/8 + u**3 - 249*u**2 - 1. Let i(z) = -z - 1. Suppose 0 = -w - 0*w + 4. Let c be i(w). Determine r(c).
-9
Let r(v) be the second derivative of -v**6/720 - v**5/30 - v**4/12 + 2*v. Let k(a) be the third derivative of r(a). Suppose -8 = -0*f + 2*f. Give k(f).
0
Let o(a) = 17*a**2 - a - 1. Let u(l) = l**3 - 8*l**2 - 9*l - 1. Let k be u(9). Let y be (-2 - 0)/(-2)*(-5 + 7). Let c be (-5 - -7)*k/y. What is o(c)?
17
Let q(j) = -3*j - 119*j**2 + 2 + 42*j**2 + 82*j**2. Give q(1).
4
Let b be ((-1)/(-2)*2)/((-13)/(-143)). Let j(y) = -3*y + 7. Let k be j(8). Let x = k + b. Let v(h) = h**2 + 4*h - 7. What is v(x)?
5
Let z(u) = 3*u**2 - 4*u + 3. Suppose -q - 5*x + 10 = -2, 2*q - 5*x + 21 = 0. Let t = 5 + q. Calculate z(t).
7
Let r(t) = -t**3 + 3*t - 2. Suppose 41*o - 36*o = 10. Give r(o).
-4
Let v(o) = -o**3 - 2*o**2 - 2*o - 1. Let s(m) = 5*m**3 + 10*m**2 + 4*m + 6. Let u(z) = -s(z) - 4*v(z). Give u(-4).
14
Let c(w) = -w**2 + w. Let m(k) = 5*k - 26. Let d be m(6). What is c(d)?
-12
Let o(n) = n**2 - 14*n + 5. Let p be ((-26)/(-78))/(3 - (-125)/(-42)). Give o(p).
5
Let i(c) = -c + 11. Let l(y) = 21*y - 390. Let u be l(19). Give i(u).
2
Let d(b) = -b. Suppose n + 10 = 3*n. Let x(s) = -s**3 + 6*s + 3*s**2 + 5619 - 5631 + s**2. Let w be x(n). Determine d(w).
7
Let a(p) = 1 + 5 + 43*p**2 + 36*p**2 - 77*p**2 + 4*p + p**3. What is a(-2)?
-2
Let c(m) = -m**2 + 3*m - 3. Let y(g) = g**2 - 4 - 10*g + 22*g - 15*g. Let i be y(4). Let q be -2*(i + -3)/3. Determine c(q).
-1
Let r(f) = -2*f**3 - 2*f**3 - 6*f**3 + 247 - 246. Let u be 3/(-2) - (-3)/6. Give r(u).
11
Let d(h) = -15914*h**2 - 4 - 6*h + 15911*h**2 - 2. What is d(-5)?
-51
Let v(c) = 6*c**2 + 136 + 5*c**2 - 33 - 12*c**2 + 11*c. Determine v(17).
1
Suppose 5*x = -2*a + 174 + 1, -5*x = -2*a - 175. Suppose -6*s + s = x. Let g(m) = m + 3. Give g(s).
-4
Let f be 4/(-6)*90/(-12). Suppose 5*k - 10 = f. Let j(w) = -1 + w - k + 8 - 3. Determine j(5).
6
Let p(r) = r + 5. Suppose 5*g - 129 = -149. Give p(g).
1
Let r(i) be the first derivative of -i**4/24 + 2*i**3/3 - 4*i**2 + 13. Let u(p) be the second derivative of r(p). Determine u(3).
1
Let y(t) = 26*t + 11. Let p(x) = 3*x + 1. Let v(z) = 18*p(z) - 2*y(z). What is v(-6)?
-16
Let m = -39 - -61. Let q(x) = m*x - 30*x + 16*x. Determine q(4).
32
Let m(l) = 3*l**3 + 5*l**2 + l + 1. Let p(z) = -7*z**3 - 10*z**2 - z - 3. Let t(y) = 5*m(y) + 2*p(y). Calculate t(-4).
3
Suppose -2*v = -v - 2. Suppose 3*n - 2 = n. Let a(k) = 1 + 0 + n + 1 - 2*k. Give a(v).
-1
Let u(g) be the third derivative of -g**4/12 + 14*g**3/3 - 120*g**2. Give u(13).
2
Let o(j) = j**3 - 5*j**2 - 5*j - 4. Suppose 4*y - 120 = 7*y. Let r be y/(-2)*(-4)/10. Let b be 8/(-32) - 50/r. What is o(b)?
2
Let k(z) be the first derivative of -z**4/4 + z**2 - z - 3. Let m = 17 + -20. Let p be m + (2 - (2 + -4)). Determine k(p).
0
Let q = -14 + 6. Let i(h) = h + h - h + 10 + 0. What is i(q)?
2
Let f(u) = -u**3 - 8*u**2 + 8*u - 11. Suppose 5*o - 26 = 5*z - z, 5*z + 37 = 4*o. Determine f(z).
-2
Let o(q) = 2*q**3 + 17*q**2 + 9*q + 9. Suppose 9*t - 13 = -85. Give o(t).
1
Let r = -6 - -9. Suppose 2*n = -c + 3, -r*n + 2 - 1 = 2*c. Let k(j) = -2*j**2 + 3*j - 13. Let z(s) = -5*s**2 + 10*s - 37. Let v(y) = 8*k(y) - 3*z(y). Give v(c).
0
Let y = -37 + 32. Let m(n) = n**3 + 5*n**2 - n - 7. What is m(y)?
-2
Let x(n) = -n**3 - 2*n**2. Let f(c) = 5*c**3 + 28*c**2 - 14*c - 1. Let d(i) = -f(i) - 6*x(i). Give d(15).
-14
Let n(s) = -s**3 - 5*s**2 + 8*s + 4. Let h be 5*(-14)/245 - (-270)/14. Suppose 17*i = h*i + 12. Calculate n(i).
-8
Suppose 5*w = -15, -m - 4*w = 3*m - 16. Let p(u) = -2 + 4*u - 5*u - 5*u**2 - 4 + m*u**3 - 6*u**3. Calculate p(5).
-11
Let o(m) = -8*m**3 + m**2 - 3*m + 14. Let v(j) = 9*j**3 - j**2 + 2*j - 9. Let n(d) = -2*o(d) - 3*v(d). Calculate n(-1).
11
Let h(f) be the third derivative of -5/24*f**4 - 4*f**2 + 1/60*f**5 + 0 + 5/6*f**3 + 0*f. Determine h(5).
5
Let h(i) = 2*i**2 - 2*i. Let o be h(-2). Let z(x) = -2*x**2 + x**3 + 0*x + o*x - 6*x + 9*x**2. Let m = 16 - 22. What is z(m)?
0
Let p = -5 + 7. Let n(d) = -3*d - 51. Let v be n(-17). Let q(m) = 3 - m**2 - 3 + v - 2. What is q(p)?
-6
Let c(k) = k**2 - 18*k + 21. Let o = 859 + -844. Determine c(o).
-24
Let s = -13 - -8. Let p(a) be the second derivative of a**3/3 + 3*a**2/2 + 31*a + 2. What is p(s)?
-7
Let q(v) = -2*v + 3. Let a(p) = -2*p + 3. Let r(k) = 4*a(k) - 3*q(k). Suppose 0 = -3*h + 4*i + 46, 0 = -40*h + 36*h + 4*i + 52. What is r(h)?
-9
Let d(s) be the first derivative of 0*s**3 + 2*s + 2*s**2 + 1/12*s**4 + 5. Let v(l) be the first derivative of d(l). What is v(0)?
4
Suppose 9 - 69 = -12*r. Suppose 0 = r*c + y - 19, -4*c = -y - 4*y - 21. Let v(s) = s**3 - 3*s**2 - 5*s - 1. Determine v(c).
-5
Let f(u) = 19*u - 42*u + 2*u**2 + 21*u. Let p = 2 - 0. Give f(p).
4
Let y be (-4)/(-2 - 2) + 2. Let z(t) be the first derivative of t**2/2 - 2*t + 17. Determine z(y).
1
Let w = 4 + 1. Let b(u) = -u**3 + 5*u**2 - 3*u + 12. Let a be b(w). Let v = 4 + a. Let c(y) = 13*y + 1. Calculate c(v).
14
Let n = 3 - 4. Let y be (-42)/(-63) + 58/3. Let z(d) = -46*d**3 + 1 + 25*d**3 + y*d**3 - d**2. Give z(n).
1
Let v(q) = -4*q**2 - 2*q - 147. Let z(n) = -n**2 - n - 49. Let d(f) = -2*v(f) + 7*z(f). Let x(j) be the first derivative of d(j). Give x(-4).
-11
Let x(a) be the first derivative of a - 10 + 2*a**4 + 1/2*a**2 - 1/3*a**3. Give x(-1).
-9
Let u = 1545 + -1545. Let j(k) = 5*k + 4. Let h(s) = -14*s - 11. Let y(v) = 4*h(v) + 11*j(v). Determine y(u).
0
Let j(i) = i**2 - 4*i + 4. Suppose -41*u + 12 = -37*u. Calculate j(u).
1
Let x(s) = s**2 + 9*s - 4. Let q(t) = -t**2 - 9*t + 4. Let c(o) = 5*q(o) + 4*x(o). Calculate c(-10).
-6
Let v(x) = -3*x**3 - x**2 - x + 2. Let i(s) = 4*s + 142. Let c be i(-36). Give v(c).
24
Let b(l) be the second derivative of -7*l**4/12 - 3*l**3/2 + 4*l**2 - 581*l. Give b(1).
-8
Let h(w) = 3547*w**2 + 3543*w**2 - 4*w - 10637*w**2 + 3546*w**2. Let m = -13 - -18. Suppose -2*d = m*o + 18, -2*o = -2*d + 4*d + 6. Give h(o).
0
Let v(w) = w**3 - 10*w**2 - 12*w + 6. Let a be v(11). Let h(s) = 0 - 2*s + 1 + 3 + 13*s. Let n(d) = d. Let c(u) = a*n(u) + h(u). Determine c(-3).
-14
Let u be 315/70*(-5)/(45/(-8)). Let y(t) = -t**2 + 4*t + 2. Determine y(u).
2
Let w be (-35)/(-21)*(-3 + 0). Let z(b) = b. Let r(j) = j**2 + 8*j + 5. Let a(y) = -r(y) + 2*z(y). Give a(w).
0
Let x be (-25)/4 - 3/(-12). Let j(o) = o + 5. Give j(x).
-1
Suppose -5*y + 0*y = -0*y. Suppose y*u - 10 = -2*k + 5*u, -3*k + 4*u + 15 = 0. Let o(w) = w**3 + 0*w + 6 - 7*w**2 + 2*w**2 - 5*w + 4*w. Give o(k).
1
Let h(u) = 4*u**2 + 2*u - 1. Let x(t) = 26*t - 2. Let w be x(0). Give h(w).
11
Let o(h) be the second derivative of 9*h**3/2 + 21*h**2 + h. Let w(v) = -11*v - 17. Let f(u) = -5*o(u) - 12*w(u). Let b = 57 - 61. Determine f(b).
6
Let d(l) = -l**3 - 8*l**2 - 3. Let m = 67 - 75. What is d(m)?
-3
Let k(t) = -t + 10. Suppose 88*u - 76 = 84*u. Let l = 31 - u. What is k(l)?
-2
Suppose 0*s = -3*s + 2*a + 2, 0 = 5*s - 5*a + 5. Suppose 0 = -z + s. Let m(h) = -4*h**3 + 2 + 2*h**3 - z*h**2 - 1 + h**3 + 4*h. Calculate m(-4).
-15
Suppose -2*c = 5*u + 2, -6*u + 5*c = -u + 30. Let g(l) = 2*l**2 + 2*l + 2. What is g(u)?
6
Let g(b) = 10*b**3 + 2*b**2 - 1. Suppose 2250*t - 2254*t - 4 = 0. Deter